housands digit of 136573?
6
What is the ten thousands digit of 115375?
1
What is the hundreds digit of 26374?
3
What is the ten thousands digit of 51430?
5
What is the hundred thousands digit of 127705?
1
What is the units digit of 2786?
6
What is the tens digit of 2018?
1
What is the thousands digit of 5272?
5
What is the hundreds digit of 21601?
6
What is the tens digit of 527?
2
What is the units digit of 36164?
4
What is the units digit of 2?
2
What is the units digit of 807?
7
What is the ten thousands digit of 26285?
2
What is the hundreds digit of 2879?
8
What is the tens digit of 58256?
5
What is the tens digit of 35250?
5
What is the ten thousands digit of 61027?
6
What is the units digit of 291?
1
What is the hundreds digit of 17491?
4
What is the thousands digit of 11816?
1
What is the hundreds digit of 8463?
4
What is the ten thousands digit of 144275?
4
What is the tens digit of 467?
6
What is the units digit of 615?
5
What is the hundreds digit of 55087?
0
What is the units digit of 342?
2
What is the thousands digit of 56234?
6
What is the tens digit of 26253?
5
What is the hundred thousands digit of 128175?
1
What is the thousands digit of 79624?
9
What is the units digit of 1766?
6
What is the hundreds digit of 58472?
4
What is the tens digit of 912?
1
What is the thousands digit of 1000?
1
What is the thousands digit of 66328?
6
What is the thousands digit of 6156?
6
What is the thousands digit of 1213?
1
What is the units digit of 111?
1
What is the units digit of 1315?
5
What is the units digit of 114008?
8
What is the tens digit of 1344?
4
What is the tens digit of 2511?
1
What is the hundreds digit of 3259?
2
What is the hundreds digit of 3121?
1
What is the hundreds digit of 26001?
0
What is the thousands digit of 70668?
0
What is the units digit of 1297?
7
What is the thousands digit of 2918?
2
What is the units digit of 172348?
8
What is the ten thousands digit of 39171?
3
What is the tens digit of 36417?
1
What is the units digit of 1970?
0
What is the hundreds digit of 17368?
3
What is the tens digit of 7936?
3
What is the thousands digit of 3267?
3
What is the units digit of 5694?
4
What is the ten thousands digit of 193462?
9
What is the tens digit of 756?
5
What is the tens digit of 26916?
1
What is the tens digit of 57376?
7
What is the thousands digit of 5007?
5
What is the tens digit of 25264?
6
What is the hundreds digit of 1141?
1
What is the ten thousands digit of 11648?
1
What is the hundreds digit of 7845?
8
What is the tens digit of 16393?
9
What is the thousands digit of 2465?
2
What is the tens digit of 61977?
7
What is the tens digit of 19223?
2
What is the tens digit of 88?
8
What is the units digit of 1595?
5
What is the hundreds digit of 2762?
7
What is the tens digit of 4809?
0
What is the units digit of 54991?
1
What is the hundreds digit of 2573?
5
What is the units digit of 840?
0
What is the tens digit of 317?
1
What is the tens digit of 2300?
0
What is the thousands digit of 43964?
3
What is the hundreds digit of 167?
1
What is the units digit of 1931?
1
What is the tens digit of 529?
2
What is the tens digit of 5606?
0
What is the thousands digit of 5620?
5
What is the ten thousands digit of 25079?
2
What is the hundreds digit of 12415?
4
What is the ten thousands digit of 16139?
1
What is the hundreds digit of 4483?
4
What is the tens digit of 1350?
5
What is the thousands digit of 4403?
4
What is the units digit of 21232?
2
What is the hundreds digit of 2324?
3
What is the tens digit of 2467?
6
What is the hundreds digit of 2369?
3
What is the hundreds digit of 926?
9
What is the thousands digit of 3594?
3
What is the thousands digit of 3472?
3
What is the units digit of 2919?
9
What is the units digit of 67735?
5
What is the thousands digit of 2645?
2
What is the tens digit of 4929?
2
What is the ten thousands digit of 26224?
2
What is the hundreds digit of 297?
2
What is the tens digit of 11212?
1
What is the hundreds digit of 5137?
1
What is the thousands digit of 10735?
0
What is the thousands digit of 22948?
2
What is the hundreds digit of 2996?
9
What is the tens digit of 47206?
0
What is the hundreds digit of 529?
5
What is the hundreds digit of 8114?
1
What is the hundreds digit of 1317?
3
What is the tens digit of 116337?
3
What is the thousands digit of 4091?
4
What is the ten thousands digit of 83540?
8
What is the tens digit of 5739?
3
What is the tens digit of 2951?
5
What is the hundreds digit of 26000?
0
What is the ten thousands digit of 23710?
2
What is the tens digit of 2461?
6
What is the tens digit of 7832?
3
What is the tens digit of 448?
4
What is the units digit of 3222?
2
What is the tens digit of 28279?
7
What is the tens digit of 7043?
4
What is the units digit of 353?
3
What is the tens digit of 91735?
3
What is the ten thousands digit of 11032?
1
What is the hundreds digit of 866?
8
What is the units digit of 897?
7
What is the units digit of 2231?
1
What is the hundreds digit of 60638?
6
What is the hundreds digit of 58274?
2
What is the tens digit of 1798?
9
What is the tens digit of 5317?
1
What is the tens digit of 104?
0
What is the tens digit of 14679?
7
What is the units digit of 109219?
9
What is the hundreds digit of 39062?
0
What is the tens digit of 99?
9
What is the hundreds digit of 896?
8
What is the thousands digit of 1441?
1
What is the hundreds digit of 326?
3
What is the thousands digit of 33290?
3
What is the hundreds digit of 4580?
5
What is the tens digit of 46076?
7
What is the thousands digit of 1032?
1
What is the ten thousands digit of 15857?
1
What is the tens digit of 36?
3
What is the tens digit of 1266?
6
What is the units digit of 1013?
3
What is the units digit of 327?
7
What is the units digit of 375?
5
What is the hundreds digit of 2199?
1
What is the hundreds digit of 675?
6
What is the units digit of 214?
4
What is the tens digit of 1059?
5
What is the tens digit of 2560?
6
What is the hundreds digit of 6700?
7
What is the tens digit of 4468?
6
What is the tens digit of 2611?
1
What is the tens digit of 902?
0
What is the units digit of 12954?
4
What is the hundreds digit of 508?
5
What is the hundreds digit of 19419?
4
What is the hundreds digit of 96027?
0
What is the hundreds digit of 123?
1
What is the hundreds digit of 973?
9
What is the units digit of 49435?
5
What is the units digit of 236?
6
What is the units digit of 43383?
3
What is the units digit of 304?
4
What is the units digit of 5635?
5
What is the units digit of 32270?
0
What is the ten thousands digit of 59983?
5
What is the tens digit of 7397?
9
What is the hundreds digit of 3115?
1
What is the units digit of 49?
9
What is the thousands digit of 7800?
7
What is the tens digit of 1408?
0
What is the units digit of 34361?
1
What is the tens digit of 474?
7
What is the tens digit of 1748?
4
What is the thousands digit of 2180?
2
What is the tens digit of 23211?
1
What is the units digit of 50325?
5
What is the hundreds digit of 1948?
9
What is the tens digit of 435?
3
What is the units digit of 1477?
7
What is the units digit of 2331?
1
What is the thousands digit of 9808?
9
What is the tens digit of 9921?
2
What is the ten thousands digit of 32543?
3
What is the hundreds digit of 15483?
4
What is the units digit of 41868?
8
What is the tens digit of 3400?
0
What is the tens digit of 8874?
7
What is the units digit of 36569?
9
What is the units digit of 9?
9
What is the thousands digit of 5818?
5
What is the thousands digit of 4383?
4
What is the tens digit of 37580?
8
What is the thousands digit of 57875?
7
What is the tens digit of 10?
1
What is the tens digit of 52904?
0
What is the tens digit of 130?
3
What is the thousands digit of 2311?
2
What is the thousands digit of 39373?
9
What is the hundreds digit of 6821?
8
What is the thousands digit of 10474?
0
What is the units digit of 5210?
0
What is the tens digit of 159159?
5
What is the tens digit of 27586?
8
What is the units digit of 5778?
8
What is the tens digit of 20806?
0
What is the thousands digit of 18845?
8
What is the units digit of 499?
9
What is the units digit of 3071?
1
What is the units digit of 61087?
7
What is the tens digit of 17012?
1
What is the hundreds digit of 1366?
3
What is the